ultiple of 26?
True
Is 136495 a multiple of 32?
False
Does 63 divide 4556?
False
Is 7 a factor of 203?
True
Is 10 a factor of 54810?
True
Is 21571 a multiple of 19?
False
Does 28 divide 5208?
True
Is 301 a multiple of 7?
True
Is 4137 a multiple of 17?
False
Is 14 a factor of 252?
True
Is 5 a factor of 26?
False
Does 42 divide 1634?
False
Does 48 divide 5184?
True
Is 2806 a multiple of 122?
True
Is 46 a factor of 9200?
True
Is 2212 a multiple of 28?
True
Is 131587 a multiple of 83?
False
Is 11 a factor of 11125?
False
Is 430 a multiple of 10?
True
Does 82 divide 20828?
True
Is 952 a multiple of 14?
True
Is 15 a factor of 26445?
True
Is 32853 a multiple of 47?
True
Does 50 divide 3712?
False
Is 1728 a multiple of 18?
True
Is 87 a factor of 4055?
False
Is 11 a factor of 1181?
False
Is 4025 a multiple of 25?
True
Is 36 a factor of 3492?
True
Does 209 divide 57507?
False
Is 9 a factor of 141?
False
Does 15 divide 360?
True
Is 199 a factor of 4167?
False
Is 509 a multiple of 8?
False
Is 35 a factor of 7270?
False
Is 1194 a multiple of 14?
False
Is 62 a factor of 18290?
True
Is 1056 a multiple of 27?
False
Does 85 divide 274?
False
Is 144 a multiple of 8?
True
Does 87 divide 2697?
True
Is 5310 a multiple of 9?
True
Is 17401 a multiple of 3?
False
Is 11 a factor of 11119?
False
Does 12 divide 660?
True
Is 403 a multiple of 31?
True
Is 1898 a multiple of 10?
False
Is 9 a factor of 2300?
False
Is 55 a factor of 654?
False
Is 41 a factor of 12956?
True
Is 42064 a multiple of 478?
True
Is 12 a factor of 24972?
True
Does 39 divide 3282?
False
Does 12 divide 9000?
True
Does 41 divide 54899?
True
Is 4 a factor of 376?
True
Is 3429 a multiple of 12?
False
Does 7 divide 1702?
False
Is 27 a factor of 2592?
True
Does 152 divide 8653?
False
Is 21571 a multiple of 61?
False
Is 16 a factor of 1232?
True
Is 52 a factor of 51374?
False
Does 30 divide 4022?
False
Is 16 a factor of 700?
False
Is 79 a factor of 554?
False
Is 4 a factor of 730?
False
Is 619 a multiple of 4?
False
Does 153 divide 93789?
True
Is 168 a multiple of 42?
True
Does 18 divide 1458?
True
Is 48 a multiple of 8?
True
Is 16684 a multiple of 97?
True
Is 9 a factor of 2593?
False
Is 21 a factor of 98028?
True
Does 10 divide 1380?
True
Does 7 divide 42?
True
Is 4488 a multiple of 136?
True
Is 8667 a multiple of 27?
True
Is 32 a multiple of 16?
True
Is 27 a factor of 33255?
False
Does 56 divide 28987?
False
Does 7 divide 87?
False
Does 7 divide 61901?
True
Does 26 divide 514?
False
Is 10 a factor of 1550?
True
Is 8 a factor of 1805?
False
Is 8 a factor of 247?
False
Is 4648 a multiple of 26?
False
Is 60 a factor of 300?
True
Does 34 divide 2888?
False
Does 12 divide 29832?
True
Is 52 a factor of 94?
False
Does 7 divide 3343?
False
Does 69 divide 19941?
True
Does 2 divide 45?
False
Is 5 a factor of 125?
True
Is 7063 a multiple of 64?
False
Is 448 even?
True
Is 2 a factor of 81?
False
Does 246 divide 73579?
False
Is 700 a multiple of 5?
True
Is 8 a factor of 8139?
False
Is 370 a multiple of 12?
False
Is 1625 a multiple of 14?
False
Is 3626 a multiple of 37?
True
Does 52 divide 4609?
False
Is 1307 a multiple of 48?
False
Does 36 divide 47927?
False
Is 11 a factor of 20595?
False
Is 102 a factor of 618?
False
Is 105 a multiple of 5?
True
Is 775 a multiple of 62?
False
Does 3 divide 914?
False
Does 13 divide 6164?
False
Does 13 divide 1807?
True
Is 2 a factor of 1302?
True
Is 2 a factor of 11?
False
Does 18 divide 7641?
False
Does 10 divide 21060?
True
Is 15 a factor of 15?
True
Is 2366 a multiple of 11?
False
Does 167 divide 2839?
True
Is 79 a factor of 11008?
False
Is 713 a multiple of 31?
True
Is 81 a factor of 12422?
False
Is 760 a multiple of 19?
True
Is 50 a factor of 567?
False
Does 11 divide 286?
True
Is 37687 a multiple of 13?
True
Is 2832 a multiple of 34?
False
Is 319 a multiple of 9?
False
Does 48 divide 4217?
False
Is 7 a factor of 53908?
False
Is 2 a factor of 483?
False
Is 5950 a multiple of 34?
True
Is 3914 a multiple of 103?
True
Is 295 a factor of 21466?
False
Is 125 a factor of 7625?
True
Is 300 a multiple of 30?
True
Is 104 a multiple of 5?
False
Is 410 a multiple of 6?
False
Does 39 divide 219?
False
Is 455 a multiple of 7?
True
Is 58 a factor of 27513?
False
Does 18 divide 2191?
False
Is 457 a multiple of 4?
False
Is 33 a factor of 1815?
True
Is 4 a factor of 16397?
False
Does 62 divide 135061?
False
Is 28650 a multiple of 150?
True
Is 19539 a multiple of 17?
False
Does 7 divide 1432?
False
Is 9 a factor of 310?
False
Is 884 a multiple of 6?
False
Is 25 a factor of 1900?
True
Does 33 divide 13596?
True
Is 22 a factor of 12342?
True
Is 61124 a multiple of 37?
True
Is 10465 a multiple of 65?
True
Is 329 a factor of 50995?
True
Does 241 divide 14576?
False
Is 2395 even?
False
Does 37 divide 4551?
True
Is 31 a factor of 877?
False
Is 19 a factor of 2261?
True
Is 5227 a multiple of 116?
False
Is 197 a factor of 6304?
True
Does 213 divide 41928?
False
Is 21 a factor of 71?
False
Is 450 a multiple of 18?
True
Is 467 a multiple of 13?
False
Does 144 divide 18288?
True
Does 10 divide 10142?
False
Is 20 a factor of 80?
True
Does 94 divide 29798?
True
Is 33 a factor of 14058?
True
Does 60 divide 16451?
False
Is 2951 a multiple of 23?
False
Is 33 a factor of 4461?
False
Does 15 divide 1845?
True
Does 147 divide 2858?
False
Is 1425 a multiple of 38?
False
Is 1608 a multiple of 4?
True
Is 38 a factor of 91497?
False
Is 79935 a multiple of 219?
True
Does 19 divide 52246?
False
Is 15 a factor of 61?
False
Does 61 divide 4967?
False
Is 34741 a multiple of 23?
False
Does 13 divide 861?
False
Is 1836 a multiple of 27?
True
Does 64 divide 704?
True
Is 89 a factor of 5010?
False
Is 28805 a multiple of 5?
True
Is 17 a factor of 3060?
True
Does 87 divide 783?
True
Is 408 a multiple of 4?
True
Is 8460 a multiple of 9?
True
Does 37 divide 535?
False
Does 19 divide 2185?
True
Does 40 divide 31800?
True
Does 13 divide 495?
False
Is 3 a factor of 361?
False
Is 12324 a multiple of 6?
True
Does 10 divide 1160?
True
Does 6 divide 3084?
True
Does 59 divide 354?
True
Is 106698 a multiple of 152?
False
Does 23 divide 184?
True
Does 15 divide 1065?
True
Is 12 a multiple of 3?
True
Is 924 a multiple of 84?
True
Is 4146 a multiple of 6?
True
Is 139 a factor of 2488?
False
Is 30 a factor of 2339?
False
Is 11262 a multiple of 31?
False
Does 31 divide 333?
False
Is 3 a factor of 5831?
False
Does 51 divide 1989?
True
Is 24 a factor of 2544?
True
Does 27 divide 852?
False
Is 7 a factor of 48?
False
Is 44 a multiple of 5?
False
Is 9 a factor of 603?
True
Is 50 a factor of 672?
False
Does 8 divide 2040?
True
Is 148 a multiple of 6?
False
Does 6 divide 25944?
True
Does 24 divide 72?
True
Does 284 divide 41573?
False
Does 8 divide 20165?
False
Is 17 a factor of 952?
True
Is 10233 a multiple of 68?
False
Is 735 a multiple of 34?
False
Is 14 a factor of 5320?
True
Is 23766 a multiple of 4?
False
Does 137 divide 28843?
False
Does 114 divide 23140?
False
Does 3 divide 9691?
False
Is 85 a factor of 5440?
True
Is 10 a factor of 9390?
True
Is 10 a factor of 40?
True
Does 69 divide 9163?
False
Does 161 divide 15778?
True
Is 26 a factor of 109980?
True
Is 106 a factor of 1696?
True
Is 75904 a multiple of 81?
False
Does 38 divide 6536?
True
Does 49 divide 61?
False
Does 59 divide 3953?
True
Does 9 divide 369?
True
Is 27 a factor of 1316?
False
Does 5 divide 317?
False
Is 2647 a multiple of 26?
False
Is 299 a multiple of 23?
True
Is 1248 a multiple of 24?
True
Is 13 a factor of 8528?
True
Is 51 a factor of 3876?
True
Is 117 a multiple of 3?
True
Is 11 a factor of 3004?
False
Is 3 a factor of 392?
False
Is 120 a multiple of 12?
True
Does 20 divide 5821?
False
Does 39 divide 429?
True
Is 43 a factor of 8125?
False
Does 17 divide 3078?
False
Does 96 divide 2249?
False
Is 539 a multiple of 7?
True
Is 28 a factor of 766?
False
Is 27399 a multiple of 172?
False
Is 56642 a multiple of 15?
False
Is 34 a factor of 262?
False
Is 103 a factor of 1854?
True
Is 15 a factor of 9264?
False
Is 692 a multiple of 35?
False
Is 26 a factor of 1234?
False
Is 23 a factor of 21896?
True
Is 10 a factor of 71940?
True
Is 21 a factor of 6392?
False
Does 59 divide 2891?
True
Does 61 divide 1129?
False
Is 3442 a multiple of 19?
False
Is 35 a factor of 653?
False
Is